173
Suppose 2*q + 3*v - 52 - 44 = 0, 5*v = 3*q - 106. List the prime factors of q.
2, 3, 7
Let d = -39 + 90. List the prime factors of d.
3, 17
Let l = -70 + 101. Let i = -19 + l. What are the prime factors of i?
2, 3
Let m(r) = -r**3 - 2*r**2 - 3*r - 2. Let s be m(-3). Let p = s - 8. List the prime factors of (-14)/(-6) - p/(-12).
3
Let y = -51 - -77. Let j = -20 + y. List the prime factors of j.
2, 3
Let h(d) be the first derivative of d**3/3 - 2*d**2 - 4*d - 4. Let q be h(5). What are the prime factors of q/(-1)*(-6 - -4)?
2
Suppose 0 = -d + 5*u + 31, 5*d - 5*u = -5 + 120. Suppose 4*q - o = 41, q - d = -q + o. What are the prime factors of q?
2, 5
Let g(h) = -2*h - 7. Let y be g(-5). Suppose 3*t - y = -9, -d + 5*t + 23 = 0. List the prime factors of d.
13
Let c(z) = -z - 6. Let g be c(-6). Let a = g + -2. Let b(u) = -9*u - 2. List the prime factors of b(a).
2
Let v(h) = -h**2 + 6*h - 6. Let t be v(4). Let p = 3 + t. What are the prime factors of p?
5
Suppose -15*z = -16*z + 163. What are the prime factors of z?
163
Suppose 32 + 70 = 3*q. List the prime factors of q.
2, 17
Let r(s) = s - 8. Let b be r(7). Suppose -5*w + 3*c - 1 = 124, -2*c = -5*w - 130. What are the prime factors of (1 - w/(-2))/b?
13
What are the prime factors of (-7)/(-3)*(23 - -1)?
2, 7
Suppose 2*d = 2*v - 2*d - 24, 3*v = 4*d + 28. What are the prime factors of v/((-2)/(-11) + 0)?
2, 11
Let l(q) = q**3 + 10*q**2 + 7. Let d be l(-10). What are the prime factors of 2/(-7) + 65/d?
3
Suppose 5*f + 5*j - 10 = 0, j = -f - 4*j + 18. Let t = 5 + f. What are the prime factors of t?
3
Let s(y) = -y**3 + y**2 + y + 2. Let b be s(0). Suppose -175 = -3*v - 2*v. Suppose 0 = -7*h + b*h + v. List the prime factors of h.
7
What are the prime factors of (7/14)/(1/246)?
3, 41
List the prime factors of ((-36)/(-24))/((-6)/(-244)).
61
Suppose 3*c - 2*c + 8 = 0. List the prime factors of ((-1)/(-1) + c)*-2.
2, 7
Suppose v - 5*v = -84. Suppose -2*o = 5 - v. List the prime factors of o.
2
Let c(g) be the second derivative of g**2 + 0*g**4 - g + 0 + 1/6*g**3 - 1/20*g**5. What are the prime factors of c(-2)?
2
Let v = -14 + 20. List the prime factors of v.
2, 3
Suppose 7*y - 4*y - 66 = 0. Let n = y + -39. Let w = -5 - n. List the prime factors of w.
2, 3
Let y(m) = m**3 + 6*m**2 + 2*m + 2. What are the prime factors of y(-5)?
17
Let f(t) = -7*t**3 - 2*t**2 + t. Let j be f(1). What are the prime factors of (-90)/j - 4/16?
11
Suppose -5*x - x = -12. Let b be 4/6 + 2/(-3). Suppose x*g - 3*g + 16 = b. What are the prime factors of g?
2
Let l(b) = -b**2 - 13*b. Let x be l(-13). Suppose 5*k = 0, -4*p + x*k = k - 32. List the prime factors of p.
2
Suppose 3*f + 4 = 4*f. Suppose y = -f*z + 12, 0 = -y - z + 4*z - 2. Suppose 0 = y*w - 3 - 9. What are the prime factors of w?
3
Let q(y) = 5*y - 1. Let h = 4 + -1. List the prime factors of q(h).
2, 7
Suppose u + 2 + 1 = 0. What are the prime factors of 7/((-4 + 1)/u)?
7
What are the prime factors of (-1)/(-2) - 231/(-14)?
17
Let r(h) = -h**3 - 23*h**2 - 6*h - 7. List the prime factors of r(-23).
131
Let a = 4 - 1. Suppose 0*g + 33 = a*g. List the prime factors of g.
11
What are the prime factors of (3/(-3))/((-2)/40)?
2, 5
List the prime factors of 99/(-4)*4*(-2 + 1).
3, 11
Let x(w) = 2*w**2 - w + 69. What are the prime factors of x(0)?
3, 23
Let g = -3 - -7. What are the prime factors of (-13)/26 - (-66)/g?
2
Let m(t) = -t**3 - 2*t**2 - 4*t - 9. List the prime factors of m(-5).
2, 43
What are the prime factors of 4 - 1 - -4*(-39)/(-6)?
29
What are the prime factors of ((-20)/(-14))/((-1)/(-7))?
2, 5
Suppose 0 = -2*q - 5*h + 5, -4*h - 28 = 5*q - 5*h. Let y = -20 - -12. Let a = q - y. What are the prime factors of a?
3
Let s be ((-2 - 4)/2)/1. What are the prime factors of s*(-92)/12 - 2?
3, 7
Let f = 10 + -4. Suppose -3*h = 2*j - 94, 3 = -f*j + 3*j. Suppose 5*d + 5 = 5*r + 30, -5*d - 2*r = -h. List the prime factors of d.
2, 3
Let h(i) = -2*i**2 - i**2 - i - 1 + i**3 - 3*i**3. Let m(l) = -l**2 + 6*l + 5. Let g be m(7). What are the prime factors of h(g)?
5
Suppose 5 = i + x, -2*i = -i - x + 1. Let k(l) = 0*l + 2*l**i + l + 3*l - 5. List the prime factors of k(-4).
11
Let l = -117 - -158. What are the prime factors of l?
41
Let g be (-2)/(-10) - (-9)/5. Let d be -6 + -2 + (g - 0). What are the prime factors of (1 + d)*(-8)/20?
2
Let w = 7 - 3. What are the prime factors of ((-16)/20)/(w/(-10))?
2
Let q(w) = -2*w - 6 - 7*w**2 + 8*w**2 + 1. What are the prime factors of q(-5)?
2, 3, 5
Suppose 3*j - f - 56 = 0, -3*j + 0*j = f - 52. What are the prime factors of j?
2, 3
Let h = -7 + 33. What are the prime factors of h?
2, 13
Let i(s) = -s**3 + 3*s**2 + 2*s + 3. Let n = -11 - -15. Let k be i(n). Let d = k + 8. What are the prime factors of d?
3
Let g(n) = n**3 - 11*n**2 + 11*n + 3. List the prime factors of g(11).
2, 31
Let q(k) = 7*k. Let r be q(4). Let y = r - 49. What are the prime factors of (8/(-12))/(2/y)?
7
Let f = 24 + 6. List the prime factors of f.
2, 3, 5
Let w = -8 + -2. Let n = w + 10. Suppose 0 = -n*u + 3*u - 42. What are the prime factors of u?
2, 7
Suppose 0 = -2*b - 2*v + 164, -2*b = -5*b - 5*v + 242. What are the prime factors of b?
2, 3, 7
Suppose 0 = 2*s + 2*s - 3*z - 8954, -3*z = 5*s - 11206. List the prime factors of (-2)/(-10) - s/(-50).
3, 5
Suppose 0 = 2*o + 5*j - 12, -7*o + 4*j = -2*o + 3. What are the prime factors of 2*o/((-4)/(-24))?
2, 3
Let q(x) = -2*x + 24. What are the prime factors of q(-6)?
2, 3
Suppose -2 - 4 = 3*z. What are the prime factors of -2 - (-6 + z/(-1))?
2
Let r(k) be the third derivative of -1/120*k**6 - 1/12*k**4 + 0*k - 2*k**2 + 0 - 1/3*k**3 - 1/10*k**5. What are the prime factors of r(-6)?
2, 5
Suppose -t - 66 = -4*t. Let o = -15 + t. What are the prime factors of o?
7
Suppose 10*v - 5*v = -70. Let m be (-4)/v - (-165)/35. Suppose -3*u + m*q - 1 = -11, 2*u = 5*q. What are the prime factors of u?
2, 5
Let t(h) = -14*h**2 + 24*h + 7. Let i(n) = 5*n**2 - 8*n - 2. Let r(j) = 11*i(j) + 4*t(j). Let w = 13 - 5. What are the prime factors of r(w)?
2, 3
Suppose 3*h = 5*x - 17, 4 = x + 2*h - 2. Suppose 2*a = -x*b + 24, -6*b = -2*a - b - 3. List the prime factors of a.
2, 3
Let b be (3 - -2)*2/5. Let s(v) = -v**3 - 2*v**2 - v + 1. Let m be s(-2). Suppose b*d + 7 = h, -h + 3 = -d - m*d. List the prime factors of h.
11
List the prime factors of (-780)/(-16) - 2/(-8).
7
Suppose 0*i = -4*i + 24. Let q = i + 10. List the prime factors of q.
2
Let q = -60 + 112. What are the prime factors of q?
2, 13
Suppose -18*z = -23*z + 505. List the prime factors of z.
101
Let z(u) = -4*u - 1. Let r be (12/(-10))/((-4)/(-20)). Let b be r/9 - (-2)/(-6). List the prime factors of z(b).
3
Let w = 4 - 2. What are the prime factors of w/5 - (-126)/10?
13
Let s = 172 + -91. What are the prime factors of s?
3
Let u(j) = -j**3 - 3*j**2 + 2*j - 5. Let q be u(-4). Suppose 4*x = 4*a - x - 23, 0 = 3*a + q*x + 3. List the prime factors of (-39)/(-3) - (a + 0).
11
Let v be (-3 - (-13)/5)*-30. Suppose 3*c - 24 = -3*q, 5*q + v - 4 = -c. What are the prime factors of c?
2, 3
Suppose 0 = -0*l + 3*l - 6. List the prime factors of 3 + (l - (2 + 1)).
2
Suppose 0 = 5*u - 2*u - 96. Suppose -2*b - 2*b = 20, 4*b + u = 3*o. What are the prime factors of o?
2
Let n = -7 - -11. Suppose 4*y - 31 = -5*j + 35, 0 = 2*j - n*y - 32. What are the prime factors of j?
2, 7
Suppose -6*n = -11*n + 145. What are the prime factors of n?
29
Let w = 20 + -18. What are the prime factors of 596/16 - w/8?
37
Let t = 6 + -4. Suppose 5*c - 17 = t*l - 41, 0 = c. What are the prime factors of l?
2, 3
Let h(r) be the first derivative of r**2/2 + 5*r + 1. Let x be h(5). Suppose -3*k + v = 5*v - x, 3*v + 15 = 0. List the prime factors of k.
2, 5
Suppose 3*o - 25 = -2*o. Suppose 0 = o*p, 5*m - 2*p - 44 = m. What are the prime factors of m?
11
Let x = -1 - -2. Let l = -9 + 6. What are the prime factors of (-140)/(-12) - x/l?
2, 3
Let w(u) = -10*u - 85. List the prime factors of w(-13).
3, 5
Suppose 2*t = 5*t - 144. Let x = t - 16. List the prime factors of x.
2
Suppose 0*q + 3*o = 3*q - 6, -7 = -2*q + o. Suppose q*b - 9 = 111. Suppose 0 = 3*k + k - b. What are the prime factors of k?
2, 3
List the prime factors of (546/2)/((-18)/(-12)).
2, 7, 13
Suppose 0 = 4*q, q + 2*q = -2*g + 14. List the p